alculate the greatest common factor of 94 and 9.
1
Calculate the highest common factor of 11 and 418.
11
Calculate the greatest common divisor of 10 and 95.
5
Calculate the greatest common divisor of 2730 and 84.
42
Calculate the greatest common divisor of 4161 and 380.
19
What is the highest common divisor of 280 and 56?
56
What is the greatest common factor of 368 and 92?
92
What is the highest common factor of 15841 and 14?
7
Calculate the greatest common factor of 1044 and 58.
58
Calculate the highest common factor of 20 and 4190.
10
What is the greatest common divisor of 410 and 14?
2
What is the greatest common divisor of 44 and 8756?
44
What is the highest common factor of 212 and 106?
106
Calculate the greatest common divisor of 25 and 425.
25
What is the greatest common factor of 11468 and 549?
61
Calculate the highest common factor of 40 and 488.
8
What is the greatest common divisor of 640 and 40?
40
What is the greatest common divisor of 9 and 801?
9
What is the highest common divisor of 453 and 3?
3
Calculate the greatest common divisor of 39034 and 116.
58
Calculate the highest common divisor of 424 and 8.
8
What is the greatest common divisor of 20 and 1615?
5
Calculate the highest common divisor of 17 and 46223.
17
What is the greatest common factor of 13 and 104?
13
What is the greatest common factor of 10 and 46?
2
Calculate the highest common divisor of 1485 and 99.
99
Calculate the highest common factor of 784 and 112.
112
What is the greatest common divisor of 497 and 355?
71
What is the highest common factor of 732 and 132?
12
What is the greatest common divisor of 665 and 35?
35
What is the greatest common factor of 1890 and 70?
70
What is the highest common divisor of 728 and 52?
52
Calculate the greatest common factor of 39 and 286.
13
Calculate the highest common factor of 289 and 34.
17
Calculate the greatest common divisor of 3984 and 36.
12
What is the highest common divisor of 15 and 111?
3
Calculate the greatest common factor of 850 and 450.
50
What is the highest common divisor of 57 and 21?
3
What is the highest common factor of 3 and 6?
3
Calculate the greatest common divisor of 436 and 763.
109
Calculate the greatest common factor of 120 and 1520.
40
What is the highest common divisor of 70012 and 184?
92
Calculate the greatest common factor of 80 and 140.
20
Calculate the greatest common factor of 268 and 12.
4
Calculate the greatest common divisor of 12 and 26844.
12
What is the greatest common divisor of 15689 and 29?
29
Calculate the greatest common factor of 258 and 10965.
129
What is the highest common factor of 16 and 5?
1
Calculate the greatest common divisor of 18 and 1206.
18
What is the greatest common factor of 19383 and 91?
91
What is the greatest common divisor of 298 and 1639?
149
Calculate the highest common factor of 270 and 100.
10
What is the greatest common factor of 7 and 2?
1
What is the highest common factor of 107 and 428?
107
What is the highest common divisor of 112 and 21?
7
Calculate the highest common factor of 60 and 405.
15
What is the greatest common divisor of 12 and 12?
12
What is the highest common factor of 3686 and 1552?
194
What is the highest common factor of 799 and 47?
47
Calculate the highest common factor of 8 and 904.
8
What is the greatest common divisor of 3045 and 15?
15
What is the greatest common factor of 16 and 14384?
16
What is the greatest common divisor of 13 and 28197?
13
What is the highest common factor of 3 and 17?
1
Calculate the highest common divisor of 105 and 245.
35
Calculate the greatest common divisor of 76 and 760.
76
What is the greatest common divisor of 5457 and 51?
51
Calculate the greatest common divisor of 3 and 23.
1
What is the highest common factor of 198 and 90?
18
Calculate the greatest common divisor of 15 and 185.
5
What is the highest common factor of 224 and 273?
7
Calculate the greatest common factor of 9932 and 52.
52
Calculate the greatest common divisor of 168 and 1752.
24
Calculate the greatest common divisor of 203 and 22939.
203
What is the greatest common factor of 14 and 126?
14
Calculate the greatest common factor of 450 and 90.
90
Calculate the greatest common factor of 15 and 22485.
15
What is the highest common divisor of 116 and 28?
4
What is the greatest common divisor of 290 and 44370?
290
Calculate the greatest common factor of 1479 and 204.
51
Calculate the highest common divisor of 8 and 1052.
4
Calculate the highest common divisor of 36 and 207.
9
Calculate the greatest common divisor of 13296 and 12.
12
What is the greatest common factor of 175 and 49?
7
What is the highest common factor of 13 and 637?
13
What is the greatest common factor of 2648 and 8?
8
What is the highest common divisor of 42 and 483?
21
Calculate the highest common divisor of 320 and 448.
64
Calculate the highest common factor of 2580 and 720.
60
What is the greatest common divisor of 32 and 2?
2
What is the greatest common factor of 408 and 6868?
68
What is the highest common factor of 3813 and 41?
41
What is the greatest common factor of 44 and 11044?
44
What is the highest common factor of 142 and 2414?
142
What is the highest common divisor of 462 and 777?
21
Calculate the greatest common factor of 210 and 1365.
105
What is the highest common divisor of 14 and 1456?
14
What is the greatest common factor of 78 and 384?
6
What is the greatest common factor of 520 and 2015?
65
Calculate the greatest common factor of 72 and 2124.
36
What is the greatest common factor of 14 and 98?
14
Calculate the greatest common factor of 13 and 2.
1
What is the greatest common divisor of 176 and 462?
22
What is the highest common divisor of 105 and 423?
3
Calculate the greatest common divisor of 7 and 29071.
7
What is the greatest common divisor of 110 and 30?
10
What is the highest common divisor of 627 and 76?
19
What is the greatest common factor of 110 and 1309?
11
What is the greatest common factor of 6116 and 44?
44
Calculate the greatest common factor of 8 and 5.
1
What is the highest common factor of 66 and 1892?
22
Calculate the greatest common divisor of 3 and 633.
3
What is the greatest common divisor of 20618 and 1690?
338
What is the highest common factor of 183 and 61?
61
Calculate the highest common divisor of 23 and 5635.
23
Calculate the highest common factor of 2 and 406.
2
Calculate the greatest common divisor of 6 and 102.
6
Calculate the greatest common factor of 385 and 1100.
55
Calculate the greatest common divisor of 87 and 11397.
87
Calculate the highest common divisor of 31 and 6169.
31
What is the highest common divisor of 7 and 77?
7
What is the highest common divisor of 152 and 171?
19
What is the highest common factor of 204 and 340?
68
What is the greatest common factor of 81 and 513?
27
Calculate the highest common factor of 143 and 132.
11
Calculate the greatest common factor of 32 and 22240.
32
Calculate the highest common factor of 28 and 10.
2
Calculate the greatest common divisor of 111 and 12099.
111
Calculate the highest common divisor of 4 and 449.
1
Calculate the highest common divisor of 148 and 2294.
74
Calculate the greatest common factor of 30 and 75.
15
What is the greatest common divisor of 2201 and 71?
71
What is the greatest common divisor of 60 and 26300?
20
What is the greatest common factor of 24 and 1128?
24
What is the highest common divisor of 1025 and 4510?
205
What is the greatest common divisor of 132 and 3036?
132
What is the greatest common divisor of 8 and 92?
4
Calculate the greatest common factor of 84 and 294.
42
What is the highest common divisor of 190 and 722?
38
What is the highest common factor of 80 and 40?
40
What is the highest common divisor of 4671 and 27?
27
What is the highest common divisor of 134 and 2881?
67
Calculate the highest common factor of 9315 and 10.
5
Calculate the highest common factor of 415 and 25.
5
Calculate the greatest common factor of 612 and 34.
34
What is the greatest common divisor of 799 and 47?
47
Calculate the highest common factor of 6 and 162.
6
Calculate the highest common factor of 1107 and 243.
27
What is the greatest common factor of 19 and 11153?
19
Calculate the highest common factor of 81 and 8667.
81
What is the highest common factor o